1 - (-2)/10). Is j(p) a prime number?
False
Let z(v) = -3*v**3 - 3*v**2 - 7*v + 8977. Is z(0) composite?
True
Suppose -175 = -n + 366. Let m = n + -216. Let u = 78 + m. Is u prime?
False
Let d = 317997 + -143068. Is d prime?
True
Suppose -3*r = -4*d + 42, 40 = 3*d - r + 3*r. Let g be -1*4 + 48/d. Is 3 + (-3 - -1)*(g + -418) a prime number?
True
Suppose 7*d + 412598 = 4*f, -5*f = -3*f - 3*d - 206300. Is f a prime number?
False
Let z(u) = 65*u + 98*u + 418*u - 70*u + 33. Is z(2) composite?
True
Let f = -10241 + 10257. Suppose -2*s = -8, -4*r = 3*s - 55 - 5. Suppose 4036 = -r*a + f*a. Is a prime?
True
Let l be ((-5)/(30/4))/(48/(-24408)). Let u = 4984 - l. Is u a prime number?
False
Let l = 65 - 58. Let i be -8*4/(-112) + (-44)/l. Is -2 - (i - -3 - 992) a prime number?
False
Let y(k) = -6*k - 15. Let r be y(-3). Suppose v - 4*c + 8 = 0, -3*v = 4*c - r*c - 2. Suppose -2*q + 4*q - 1282 = v. Is q prime?
True
Let s(t) = 2*t**2 + 27*t - 35. Let q be 2 + (-119)/(-28) - (-1)/(-4). Let f be ((-4)/12 - 1)*(q + 12). Is s(f) prime?
False
Let o be (-50)/(-2) - (2/1 - 0). Suppose -3*k + o*k = 120340. Is k prime?
False
Suppose 81*h = 88*h - 14. Suppose -q - 9084 = -4*m + 351, 2 = h*q. Is m a composite number?
True
Let z be ((-35)/(-28))/(2/8). Suppose -v = -o + 4240, z*o - 3*v = 1062 + 20132. Is o composite?
True
Is ((31 - 1) + 1)/((-2)/(-6326)) composite?
True
Suppose -2*y + 2*k + 25634 = 0, 0 = -0*y - 5*y + 2*k + 64097. Is y composite?
False
Is (-3966838)/(-22) - 244/(-1342) composite?
False
Is 12/(-14) + (0 - (4 - (-8520030)/(-42))) a prime number?
False
Is (-2614965)/20*-4 - (9 - (11 - 6)) a prime number?
True
Let v = 336 - 334. Suppose 166 = v*q - 308. Is q composite?
True
Let z be ((180675/(-20))/11)/(12/(-512)). Suppose 0 = 24*y - z - 32376. Is y prime?
False
Let o(q) = 148*q**2 + 16*q + 89. Is o(-16) a prime number?
False
Let y(l) = l**3 + l**2 - 17*l - 7. Let x(n) = 2*n - 22. Let r be x(14). Is y(r) prime?
False
Let n = -36 - -38. Suppose 2*r - 11 = n*s - 3*s, -4*r + 19 = s. Suppose 10 = s*b + 1, -4*b = 4*q - 1760. Is q composite?
True
Is (-11)/22 + (-150)/(-252) - (-23012743)/21 a composite number?
True
Let k(u) = 59*u**3 - 22*u**2 + 44*u + 73. Is k(14) composite?
True
Suppose 8239 = z - 4*k, z + 16478 = 3*z - 3*k. Suppose 3*m + 4*q = z, -q + 4*q = -3*m + 8235. Is m a composite number?
False
Suppose -2*x = -4, x = -2*q - 0*q + 8. Suppose -q*o = -2*b + 13435, -11*b + 33594 = -6*b - o. Is b a composite number?
False
Let d = 38826 + -2542. Suppose 10*j + 2*x - d = 6*j, -2*x = -8. Is j a composite number?
True
Let p(s) = 28*s**3 - 29*s**2 - 33*s + 71. Is p(15) composite?
True
Suppose 7*t - 34 - 106 = 0. Let l be 14/(0 + 2) + -2. Suppose 0 = -l*h + t, 4*r = r + 3*h + 3339. Is r composite?
False
Suppose -364*g + 350*g + 9750958 = 0. Is g a composite number?
False
Let f(l) = 91*l**2 - 109*l + 463. Is f(29) prime?
False
Suppose -d = -3*k + 104946, -13*k - d + 69959 = -11*k. Is k prime?
True
Let o be (11 - 3)/((-4)/(-10)). Suppose -o = -7*u + 8. Suppose u = 4*h, -c - 3*h - 587 = -3*c. Is c a prime number?
False
Suppose -7*g + 995038 = -0*g + 15*g. Is g composite?
True
Let c(g) = g**2 - 4*g - 19. Let r(z) = -z**2 - 3*z + 7. Let y be r(-5). Let q(n) = n**2 - 2*n - 3. Let h be q(y). Is c(h) composite?
True
Let b = -5120 - -2639. Let g = b - -4190. Is g a composite number?
False
Let a(q) = 3810*q - 2897. Is a(70) a composite number?
False
Let j(i) = 3*i**2 + 22*i - 9. Let l be j(-9). Suppose 64 = 4*v - l. Let f = v + 1732. Is f composite?
True
Suppose -4*v = 20, 3*n - 619 = 2*n - 2*v. Let d = 238 - n. Let x = -246 - d. Is x a composite number?
True
Is (-3 - 0)/(-6*(-2)/(-474764)) composite?
False
Let x = -115420 - -161891. Is x a prime number?
True
Is 4/(8/456278) + 7 + -30 + 15 prime?
True
Suppose 4*h + 3 = -3*u, 5*h = -2*u - 2*u - 3. Suppose 4 = u*r - o - 27, -2*o = -3*r + 35. Suppose 7550 = r*c + 1493. Is c a composite number?
False
Suppose -59*q - 110898 = -1216617. Is q prime?
False
Let y(r) = 8199*r**2 + 90*r - 478. Is y(7) composite?
False
Let g(q) = 133*q**2 - 590*q - 120. Is g(-35) a prime number?
False
Let y(u) = 11*u - 126. Let w be y(12). Let m(z) = 196*z**2 - 4*z + 5. Is m(w) a prime number?
False
Let h be (441/(-36))/((-1)/4). Let r = -45 + h. Suppose 4*a - a - g = 1325, r*a = g + 1768. Is a a composite number?
False
Let x = -6618 + 24275. Is x composite?
False
Let y(n) = n**2 + 1. Let v be 2 + (-22)/5 - (-8)/20. Let j be y(v). Suppose 4*f - o - 1228 = 0, -j*o - 2080 = -5*f - 545. Is f a composite number?
False
Let m(o) = -1101*o + 64. Let u(r) = -1098*r + 61. Let w(c) = 5*m(c) - 4*u(c). Is w(-21) a composite number?
True
Let g = -8 + -2. Let o(j) = -5*j**2 + 10*j + 10. Let n(h) = 13*h**2 - 20*h - 23. Let b(l) = 3*n(l) + 7*o(l). Is b(g) a prime number?
False
Let f(s) = 2054*s**3 - 3*s**2 + 12*s - 27. Is f(4) prime?
False
Let a be -19 + 23 - (1 - -3). Suppose a*y + 5*y = -2*w + 26097, -5*y = -4*w - 26091. Is y a prime number?
False
Let w be 12/(-10)*(0 + -46370). Is 2/3*-2*w/(-8) a composite number?
True
Let y(l) = -l**2 + 88*l - 92. Suppose 2*o - 71 = -3*n, -n + 72 = 3*o - 38. Is y(o) a prime number?
False
Let i(m) be the first derivative of m**2 - 2*m - 1. Let w be i(5). Suppose 13*x = w*x + 5045. Is x prime?
True
Let o(c) = -9701*c - 422 + 12003*c + 161. Is o(6) composite?
True
Let p(y) = 168*y**2 - y + 8. Suppose 105 = 12*r - 3. Is p(r) a prime number?
False
Let p be (38 + 1)/((-28)/(-1288)). Suppose -5*t = -p - 631. Is t prime?
False
Suppose p = j + 470340, -3*j + 4*j - 1411024 = -3*p. Is p a composite number?
True
Let r(c) = 392 - 247*c - 999*c - 670 + 335. Is r(-7) prime?
True
Let j = -661824 + 969739. Is j composite?
True
Suppose 15*a + 839 - 914 = 0. Suppose -6*y + 2*y + 5004 = 0. Suppose 0 = -4*l - m + 993, y = -0*l + a*l - 2*m. Is l prime?
False
Let z be ((-4)/10)/((-54)/45)*-3. Let m be (91/28)/(z/(-100)). Suppose s + m = 6*s. Is s composite?
True
Let l(g) = -788*g + 1105. Is l(-35) a composite number?
True
Let c be (2/4*2)/((-2)/(-42724)). Suppose 5*a + 7147 - c = 0. Is a prime?
True
Suppose 1018*t = 1023*t - 150. Suppose 35260 = t*u - 26*u - 2*l, 12 = -3*l. Is u a prime number?
False
Let v(n) = 68*n**2 + 112*n - 679. Is v(-84) a composite number?
True
Suppose -5*n + 3*y + 21 = 0, n - 1 = -6*y + 5*y. Suppose 4*k - 5*b = 0, 6*k - n*k + 5*b = 35. Suppose 0 = k*p - 5, 2*t - t + 2*p - 1347 = 0. Is t composite?
True
Is (-5361579)/(-21) - ((-629)/(-119) + 10/(-2)) composite?
False
Suppose -3*a + 1485*h - 1484*h + 489194 = 0, 4*a + 3*h - 652289 = 0. Is a a composite number?
True
Let i = 83843 - -78936. Is i a prime number?
True
Let u(i) = -i**3 + 2*i**2 - 3*i + 1691. Let m be 1 - (15/3 + -4). Is u(m) a composite number?
True
Suppose 25 = -2*y - 3*y + 5*t, 0 = -3*y + t - 5. Suppose y = 3*q - 16 + 4. Suppose 234 = l + i, -q*l - i + 931 = 4*i. Is l composite?
False
Suppose -84481 - 474751 = -7*a - 152931. Is a a prime number?
True
Let y(d) = -683*d - 894. Is y(-5) prime?
True
Let k = 26960 + -13769. Is k a composite number?
True
Let j be (-11)/((-165)/(-18474))*5. Let x = -2049 - j. Is x a composite number?
True
Let k(s) be the second derivative of 133*s**4 + 2*s**3/3 + 13*s**2/2 + 23*s + 3. Is k(-2) a composite number?
False
Let n(w) = -w - 127. Let l(i) be the second derivative of i**3/6 + 127*i**2/2 - 14*i. Let p(m) = 6*l(m) + 5*n(m). Is p(0) prime?
True
Let f = -28644 - -104911. Is f a composite number?
True
Let d = 183349 - 103020. Is d composite?
False
Is 4/(-4) + (-33 + 16 - -252065) a composite number?
True
Let q = 1100 + -2350. Let l = -615 - q. Is l a composite number?
True
Let u(f) = -30*f + 43*f**2 - 119*f**3 + 324 + 118*f**3 - 357. Is u(41) composite?
False
Let t be (-346)/(-14) - (80/(-35) - -2). Suppose -t*u + 2454 = -22*u. Is u a composite number?
True
Suppose 0 = d + 5*v - 95, -6*d + 0*d - 3*v + 705 = 0. Suppose -123*c = -d*c - 23385. Is c prime?
False
Let q(d) = 19*d**3 + 24*d**2 + 30*d - 34. Let z be q(15). Let p = -41356 + z. Is p composite?
True
Let x = 39 - 34. Suppose 39*t + 6120 = 42*t. Suppose -85 = x*w - t. Is w a composite number?
True
Let o(m) = 2197*m**2 - 781*m + 5405. Is o(7) composite?
True
Let u be (0/(-1))/(-4 + 6). Let h be 34/51*(19 + -1). Suppose u = k + 4*k - 4*a - 179, -h = -3*a. Is k composite?
True
Let